me?
True
Is 82139967587 a prime number?
True
Is 92014116527 a prime number?
True
Is 568776613 a prime number?
False
Is 18133600517 prime?
True
Is 1644629923 prime?
True
Is 4583515589 prime?
True
Is 1052370047 a composite number?
False
Is 1539804041 a prime number?
False
Is 52582052305 a prime number?
False
Is 267093734 composite?
True
Is 1100206819 prime?
False
Is 13627138631 a prime number?
False
Is 8036337809 a composite number?
True
Is 123540731 prime?
True
Is 62699041 composite?
False
Is 134647640989 a prime number?
False
Is 16673958089 composite?
False
Is 55983853873 prime?
True
Is 228865057 prime?
False
Is 66312868199 composite?
True
Is 1749987751 a prime number?
True
Is 28999995949 a composite number?
False
Is 119047305238 a prime number?
False
Is 3957360311 a prime number?
False
Is 9643811813 a composite number?
False
Is 319604477 composite?
True
Is 1047909827 prime?
True
Is 20570909069 composite?
False
Is 168649276841 composite?
True
Is 37789129589 a prime number?
False
Is 1287164399 composite?
True
Is 698019919 a composite number?
False
Is 70273550129 prime?
True
Is 762659039 a composite number?
False
Is 55825675361 composite?
False
Is 812185783 prime?
True
Is 22522236623 composite?
True
Is 1057696093 composite?
True
Is 111868575853 a prime number?
True
Is 630220867 composite?
False
Is 723914741 a composite number?
True
Is 45134663543 a composite number?
False
Is 3787184127 composite?
True
Is 2503566311 a composite number?
False
Is 8638907443 a composite number?
False
Is 1761069787 a prime number?
True
Is 112378364485 composite?
True
Is 2728916087 composite?
False
Is 3921504109 a prime number?
True
Is 9581023957 composite?
True
Is 181918248511 a composite number?
True
Is 13456566317 a prime number?
True
Is 21746915891 composite?
False
Is 81834139 a composite number?
True
Is 17773240339 prime?
False
Is 4107087745 a composite number?
True
Is 226399321 a prime number?
True
Is 531065711 composite?
True
Is 5783393443 a composite number?
True
Is 31416167 a composite number?
True
Is 254158999 a prime number?
True
Is 7201522963 composite?
False
Is 29286753053 a composite number?
False
Is 13211754079 a composite number?
False
Is 4380272783 prime?
False
Is 124194962581 prime?
True
Is 738039338 composite?
True
Is 708998291 composite?
False
Is 4922007683 prime?
True
Is 33605665447 a composite number?
True
Is 245267497 prime?
True
Is 131619990163 prime?
False
Is 364145233 a prime number?
False
Is 130518229 prime?
False
Is 177140092277 a prime number?
True
Is 178515163 composite?
True
Is 5757216473 prime?
False
Is 4099961483 a prime number?
True
Is 28266697369 prime?
False
Is 1012279915 composite?
True
Is 398845199 a composite number?
False
Is 164543377 composite?
True
Is 691348971 prime?
False
Is 197896987311 composite?
True
Is 38739373 a prime number?
True
Is 14960666717 a prime number?
True
Is 63265373 composite?
False
Is 4950643351 a composite number?
False
Is 2546202871 composite?
True
Is 11381788759 composite?
True
Is 657760613 prime?
False
Is 11101987889 prime?
False
Is 3526097 a composite number?
False
Is 15854116511 composite?
False
Is 1829485033 a composite number?
False
Is 1452527341 prime?
True
Is 17401043633 composite?
False
Is 840880409 a prime number?
True
Is 12722259079 a composite number?
True
Is 3800016709 composite?
True
Is 1903019369 composite?
False
Is 255588907 prime?
False
Is 120175337357 prime?
False
Is 164639563507 a composite number?
False
Is 2243601803 a composite number?
False
Is 12440810969 composite?
False
Is 965981591 a composite number?
True
Is 797746627 composite?
False
Is 43335834007 a composite number?
False
Is 7037693 prime?
False
Is 81302561 a prime number?
False
Is 15440285593 composite?
True
Is 509599921 composite?
False
Is 4578642163 a composite number?
True
Is 19111336669 a prime number?
False
Is 6294804259 composite?
False
Is 154121017 a composite number?
False
Is 250509574609 prime?
False
Is 18798251047 composite?
True
Is 10031914649 composite?
False
Is 25322751253 a composite number?
False
Is 724761701 composite?
True
Is 2246114281 a composite number?
True
Is 2166175789 a prime number?
False
Is 21340684723 a prime number?
False
Is 939224521 prime?
True
Is 1481055409 a composite number?
False
Is 19146849937 prime?
False
Is 103461606949 composite?
True
Is 2014543493 a composite number?
True
Is 36524763965 a composite number?
True
Is 48689172041 a composite number?
True
Is 148977839 a composite number?
True
Is 87811727413 a composite number?
False
Is 2829048419 prime?
True
Is 3902573303 a prime number?
False
Is 329894939 composite?
True
Is 460164805 prime?
False
Is 10050462527 prime?
False
Is 3484468963 a composite number?
True
Is 59362382087 prime?
True
Is 1287215467 a prime number?
True
Is 185938470973 prime?
False
Is 17797281289 a composite number?
False
Is 339133793 a prime number?
False
Is 943524031 composite?
False
Is 1910069498 a prime number?
False
Is 2029371649 composite?
False
Is 3367883611 a prime number?
True
Is 7506432217 a composite number?
True
Is 702856351 composite?
False
Is 1586580887 a prime number?
True
Is 32328823729 prime?
True
Is 11662001081 a composite number?
False
Is 38402308499 composite?
False
Is 6424044851 prime?
False
Is 717005369 prime?
True
Is 2978062621 composite?
True
Is 67080617 composite?
True
Is 152179552699 prime?
False
Is 10838797147 composite?
True
Is 7279003 composite?
False
Is 21214292143 prime?
False
Is 535545541 a prime number?
False
Is 1465516373 prime?
False
Is 2764626247 prime?
False
Is 581478593 prime?
True
Is 2032084907 prime?
True
Is 4156560839 a prime number?
False
Is 84753233 a composite number?
False
Is 2190253613 a composite number?
False
Is 7845489923 composite?
False
Is 1779160267 composite?
True
Is 1931948461 prime?
True
Is 46776886579 a composite number?
False
Is 5073881801 a prime number?
True
Is 20282232863 a composite number?
False
Is 56544107 composite?
False
Is 738905311 composite?
False
Is 4738129163 a composite number?
True
Is 11326171099 prime?
False
Is 2163724627 composite?
False
Is 15258614729 a composite number?
False
Is 865740361 prime?
False
Is 4266093059 a prime number?
True
Is 140150144653 composite?
False
Is 6951881333 a composite number?
False
Is 349305569 a prime number?
True
Is 767854693 a composite number?
True
Is 1805387099 a composite number?
False
Is 148681253 composite?
True
Is 674194553 composite?
False
Is 3538703501 a composite number?
False
Is 28895765809 prime?
False
Is 9583619549 composite?
True
Is 254973757 composite?
True
Is 1785754871 a prime number?
False
Is 1212509269 prime?
False
Is 6442321097 composite?
True
Is 9159133649 a prime number?
True
Is 1247144777 composite?
False
Is 13935592507 prime?
True
Is 1517744303 composite?
False
Is 28694288381 prime?
False
Is 2260768453 composite?
False
Is 3981112879 a prime number?
True
Is 282267263 a prime number?
False
Is 2660333363 a prime number?
False
Is 85796975959 prime?
False
Is 3573949089 a prime number?
False
Is 599422069 a prime number?
False
Is 20007101399 a prime number?
False
Is 145109361949 a composite number?
True
Is 8479613687 a composite number?
False
Is 153097793461 composite?
False
Is 15976320247 a prime number?
False
Is 15314774151 prime?
False
Is 3436412867 a composite number?
False
Is 1114671638 a prime number?
False
Is 1251277537 a prime number?
False
Is 3683135879 a prime number?
True
Is 28029811 a prime number?
True
Is 90714766085 composite?
True
Is 563521487 composite?
False
Is 1380831131 a prime number?
False
Is 22958277401 a composite number?
False
Is 2123535793 prime?
False
Is 213158159 a prime number?
True
Is 733520881 prime?
True
Is 4676866217 composite?
False
Is 17376411971 prime?
False
Is 560653627 a prime number?
False
Is 1184235989 a composite number?
True
Is 7060541767 prime?
True
Is 412603186963 a prime number?
False
Is 3336202871 composite?
False
Is 883314181 a prime number?
True
Is 726404771 a composite number?
True
Is 35114127917 a composite number?
True
Is 3619567067 composite?
False
Is 16993538323 a composite number?
False
Is 1273664701 a prime number?
False
Is 101762398105 a prime number?
False
Is 811786867 prime?
False
Is 505023053 a composite number?
False
Is 5889389563 composite?
False
Is 1062639749 prime?
True
Is 1741492387 pri